6.
4
Calculate the highest common factor of 8480 and 40.
40
Calculate the highest common divisor of 368 and 208.
16
What is the highest common factor of 455 and 845?
65
What is the highest common divisor of 4826 and 152?
38
Calculate the greatest common factor of 345 and 30.
15
What is the greatest common divisor of 1027 and 632?
79
Calculate the greatest common divisor of 1015 and 350.
35
Calculate the highest common factor of 406 and 28.
14
Calculate the highest common factor of 12 and 4.
4
What is the greatest common factor of 2300 and 414?
46
What is the highest common factor of 90 and 72?
18
What is the highest common divisor of 135 and 75?
15
Calculate the highest common divisor of 44 and 28.
4
What is the greatest common factor of 595 and 34?
17
Calculate the highest common divisor of 298 and 2.
2
Calculate the greatest common divisor of 141 and 47.
47
Calculate the greatest common divisor of 96 and 3904.
32
What is the greatest common divisor of 2208 and 192?
96
What is the highest common divisor of 1802 and 34?
34
What is the highest common factor of 1470 and 3290?
70
What is the greatest common divisor of 88 and 2024?
88
What is the greatest common divisor of 5746 and 136?
34
What is the highest common divisor of 459 and 81?
27
What is the highest common divisor of 62 and 992?
62
What is the greatest common divisor of 52 and 117?
13
Calculate the greatest common factor of 2530 and 11040.
230
Calculate the highest common divisor of 2183 and 37.
37
What is the highest common divisor of 55 and 583?
11
What is the highest common divisor of 16 and 40?
8
What is the highest common factor of 252 and 56?
28
Calculate the greatest common factor of 542 and 813.
271
What is the highest common divisor of 116 and 5626?
58
What is the greatest common divisor of 261 and 18?
9
Calculate the highest common divisor of 27 and 2241.
27
Calculate the highest common factor of 16 and 272.
16
Calculate the greatest common factor of 60 and 230.
10
What is the highest common divisor of 9374 and 430?
86
Calculate the highest common factor of 96 and 432.
48
Calculate the greatest common factor of 3 and 525.
3
Calculate the highest common factor of 17 and 1819.
17
What is the greatest common factor of 1698 and 18?
6
What is the highest common divisor of 15244 and 412?
412
Calculate the greatest common divisor of 1152 and 45.
9
Calculate the highest common factor of 576 and 108.
36
Calculate the greatest common factor of 273 and 4758.
39
What is the highest common divisor of 125 and 3425?
25
What is the highest common divisor of 87 and 3915?
87
What is the greatest common factor of 5084 and 93?
31
Calculate the highest common divisor of 74 and 370.
74
What is the highest common divisor of 25 and 2225?
25
What is the greatest common divisor of 1085 and 35?
35
Calculate the highest common factor of 147 and 273.
21
What is the highest common factor of 4 and 1322?
2
What is the highest common divisor of 52 and 117?
13
Calculate the highest common factor of 143 and 2509.
13
What is the highest common divisor of 12 and 36?
12
What is the highest common divisor of 37 and 7844?
37
Calculate the highest common factor of 72800 and 64.
32
Calculate the highest common factor of 182 and 56.
14
Calculate the greatest common divisor of 42 and 8631.
21
Calculate the highest common divisor of 88 and 32.
8
What is the greatest common divisor of 28 and 9716?
28
What is the greatest common factor of 2394 and 126?
126
Calculate the highest common factor of 210 and 6510.
210
What is the highest common divisor of 40 and 104?
8
Calculate the greatest common divisor of 123 and 451.
41
What is the greatest common divisor of 22 and 22?
22
Calculate the highest common factor of 6 and 69312.
6
Calculate the highest common divisor of 6453 and 3107.
239
What is the highest common divisor of 210 and 945?
105
What is the highest common divisor of 53 and 848?
53
Calculate the greatest common factor of 28 and 2422.
14
What is the highest common factor of 12 and 12?
12
Calculate the greatest common factor of 57 and 1224.
3
What is the greatest common factor of 303 and 2222?
101
Calculate the highest common divisor of 57 and 129.
3
What is the highest common factor of 703 and 111?
37
Calculate the highest common divisor of 198 and 4312.
22
What is the greatest common divisor of 80 and 170?
10
Calculate the greatest common divisor of 917 and 7.
7
What is the highest common divisor of 14510 and 10?
10
What is the greatest common divisor of 1195 and 5?
5
What is the greatest common divisor of 72 and 872?
8
Calculate the greatest common divisor of 1744 and 64.
16
Calculate the highest common factor of 16 and 480.
16
Calculate the greatest common factor of 36 and 534.
6
Calculate the highest common factor of 1057 and 343.
7
Calculate the greatest common factor of 420 and 560.
140
What is the highest common factor of 432 and 4?
4
What is the highest common divisor of 14641 and 11?
11
Calculate the highest common factor of 60 and 1300.
20
Calculate the highest common divisor of 16 and 3664.
16
Calculate the highest common factor of 825 and 528.
33
What is the highest common divisor of 825 and 99?
33
What is the greatest common factor of 20 and 900?
20
Calculate the highest common factor of 2167 and 11.
11
What is the highest common factor of 66 and 352?
22
Calculate the greatest common divisor of 8304 and 16.
16
Calculate the highest common factor of 7772 and 638.
58
What is the highest common factor of 35 and 26285?
35
What is the greatest common divisor of 50 and 200?
50
Calculate the greatest common factor of 3138 and 6.
6
What is the greatest common factor of 348 and 4?
4
Calculate the highest common factor of 18 and 1542.
6
What is the greatest common factor of 3621 and 204?
51
What is the highest common factor of 412 and 23587?
103
Calculate the greatest common factor of 1406 and 74.
74
What is the greatest common factor of 70 and 10990?
70
Calculate the highest common factor of 2223 and 3591.
171
What is the highest common divisor of 754 and 725?
29
Calculate the greatest common divisor of 5 and 4385.
5
What is the highest common factor of 135 and 10?
5
What is the greatest common divisor of 3817 and 11?
11
What is the greatest common factor of 40 and 2890?
10
What is the greatest common divisor of 9 and 3?
3
Calculate the greatest common factor of 378 and 18.
18
What is the highest common divisor of 11766 and 111?
111
What is the greatest common divisor of 86 and 4042?
86
What is the highest common divisor of 198 and 517?
11
Calculate the highest common factor of 45 and 18.
9
Calculate the highest common divisor of 265 and 5.
5
Calculate the highest common divisor of 865 and 5.
5
What is the highest common factor of 1236 and 24?
12
Calculate the highest common divisor of 4310 and 20.
10
Calculate the greatest common factor of 2 and 26.
2
What is the greatest common factor of 892 and 3?
1
Calculate the greatest common factor of 23348 and 39.
13
Calculate the greatest common divisor of 20 and 21460.
20
Calculate the highest common divisor of 14168 and 46.
46
Calculate the greatest common factor of 44 and 198.
22
What is the greatest common factor of 8806 and 2142?
238
What is the greatest common factor of 21 and 23177?
7
What is the greatest common divisor of 1476 and 84?
12
What is the highest common factor of 5652 and 108?
36
What is the highest common factor of 2261 and 399?
133
What is the highest common divisor of 2 and 135?
1
Calculate the highest common factor of 72 and 684.
36
Calculate the highest common factor of 279 and 333.
9
Calculate the greatest common divisor of 72 and 180.
36
Calculate the highest common divisor of 298 and 4619.
149
What is the highest common divisor of 1311 and 228?
57
What is the highest common divisor of 10183 and 17?
17
Calculate the highest common factor of 4 and 424.
4
Calculate the highest common factor of 1 and 4.
1
What is the highest common divisor of 75 and 705?
15
Calculate the highest common divisor of 141 and 705.
141
Calculate the highest common divisor of 1534 and 354.
118
What is the highest common divisor of 5872 and 48?
16
Calculate the highest common factor of 23 and 1219.
23
What is the highest common divisor of 1092 and 455?
91
What is the 